e
Does 297 divide 2727648?
True
Does 51 divide 150883?
False
Is 68 a factor of 10121256?
True
Does 4 divide 165752?
True
Is 313 a factor of 394380?
True
Does 14 divide 520741?
False
Is 251865 a multiple of 21?
False
Is 21189 a multiple of 132?
False
Does 10 divide 16979?
False
Does 326 divide 3075045?
False
Is 1905334 a multiple of 469?
False
Is 2347959 a multiple of 655?
False
Does 31 divide 1375058?
False
Is 34 a factor of 51306?
True
Does 138 divide 5768290?
False
Is 64178 a multiple of 20?
False
Is 6170292 a multiple of 606?
True
Is 346 a factor of 38060?
True
Does 491 divide 1272672?
True
Is 153 a factor of 138771?
True
Is 1909575 a multiple of 69?
True
Does 25 divide 190212?
False
Does 6 divide 24955?
False
Is 557796 a multiple of 589?
False
Is 148304 a multiple of 262?
False
Is 77 a factor of 27643280?
False
Is 67 a factor of 1564764?
False
Is 780548 a multiple of 14?
False
Is 457106 a multiple of 26?
True
Does 74 divide 3955926?
False
Is 103 a factor of 4773513?
False
Is 108088 even?
True
Is 3439029 a multiple of 33?
True
Does 68 divide 1111845?
False
Is 31 a factor of 6370810?
True
Does 121 divide 1239282?
True
Does 14 divide 1388562?
True
Is 574696 a multiple of 4?
True
Is 985635 a multiple of 189?
True
Is 67156 a multiple of 652?
True
Does 28 divide 449092?
True
Is 29 a factor of 23062?
False
Does 234 divide 759564?
True
Is 828 a factor of 3008891?
False
Does 16 divide 1614672?
True
Does 100 divide 80700?
True
Does 11 divide 4801423?
True
Is 48 a factor of 465120?
True
Is 59148 a multiple of 38?
False
Is 307809 a multiple of 9?
True
Does 33 divide 222057?
True
Does 90 divide 4355730?
True
Is 25 a factor of 1728540?
False
Does 56 divide 850920?
True
Is 606530 a multiple of 50?
False
Is 1334330 a multiple of 170?
True
Is 485 a factor of 84395?
False
Is 171200 a multiple of 8?
True
Is 412932 a multiple of 52?
True
Is 13 a factor of 162155?
False
Is 2326087 a multiple of 1199?
False
Is 188014 a multiple of 3?
False
Is 2 a factor of 18690?
True
Is 6 a factor of 46578?
True
Does 6 divide 2414100?
True
Is 5 a factor of 96360?
True
Is 485 a factor of 242500?
True
Is 1373475 a multiple of 11?
False
Does 3 divide 10500?
True
Does 956 divide 1707329?
False
Is 87 a factor of 138535?
False
Is 393085 a multiple of 11?
True
Is 4 a factor of 31677?
False
Is 375 a factor of 6170866?
False
Is 21 a factor of 359832?
False
Is 280 a factor of 6111112?
False
Does 6 divide 2711106?
True
Is 55184 a multiple of 19?
False
Does 23 divide 278990?
True
Does 35 divide 1591657?
False
Is 1591389 a multiple of 1171?
True
Is 11 a factor of 17413?
True
Is 2453914 a multiple of 74?
True
Is 18 a factor of 7418502?
True
Does 28 divide 8280583?
False
Does 38 divide 158364?
False
Is 8 a factor of 2912692?
False
Does 180 divide 8569440?
True
Does 20 divide 4519320?
True
Is 449 a factor of 4004404?
False
Is 115072 a multiple of 121?
False
Is 30 a factor of 164662?
False
Is 26 a factor of 802539?
False
Is 26 a factor of 3285?
False
Does 403 divide 20926581?
True
Is 878483 a multiple of 20?
False
Is 485 a factor of 517495?
True
Is 9 a factor of 78874?
False
Does 215 divide 14863810?
True
Is 34 a factor of 28879?
False
Does 12 divide 173172?
True
Is 22 a factor of 94458?
False
Is 181540 a multiple of 20?
True
Does 583 divide 608318?
False
Does 146 divide 64532?
True
Is 99356 a multiple of 8?
False
Is 11 a factor of 72472?
False
Is 236036 a multiple of 387?
False
Is 13 a factor of 1448591?
False
Is 1261694 a multiple of 541?
False
Does 411 divide 646952?
False
Is 774 a factor of 2043320?
False
Is 283 a factor of 20672018?
True
Is 7 a factor of 1114415?
False
Is 1102008 a multiple of 584?
True
Is 3318585 a multiple of 21?
False
Does 159 divide 852240?
True
Is 62702 a multiple of 24?
False
Is 83676 a multiple of 4?
True
Is 74 a factor of 3605750?
False
Is 7 a factor of 943670?
True
Is 1602 a factor of 8075344?
False
Is 241 a factor of 67137?
False
Does 8 divide 88560?
True
Does 16 divide 10852512?
True
Is 3 a factor of 3489?
True
Does 11 divide 3658057?
False
Is 198 a factor of 6121131?
False
Does 7 divide 56091?
True
Is 1190987 a multiple of 175?
False
Does 2 divide 298838?
True
Is 24216 a multiple of 48?
False
Is 347 a factor of 533339?
True
Is 4780818 a multiple of 266?
True
Is 15 a factor of 3135?
True
Is 475838 a multiple of 2?
True
Is 19 a factor of 296029?
False
Is 13 a factor of 151732?
False
Does 240 divide 4245120?
True
Is 9 a factor of 85138?
False
Does 102 divide 1347318?
True
Is 50 a factor of 1017850?
True
Is 23 a factor of 31073?
True
Does 18 divide 6228?
True
Is 48 a factor of 36336?
True
Does 65 divide 371289?
False
Is 44600 a multiple of 50?
True
Is 6165 a multiple of 15?
True
Is 4979844 a multiple of 927?
True
Is 3 a factor of 4408572?
True
Is 43 a factor of 265525?
True
Does 361 divide 74299?
False
Is 9 a factor of 904801?
False
Is 13 a factor of 36346323?
True
Is 5 a factor of 3220759?
False
Does 4 divide 505678?
False
Is 8 a factor of 7119152?
True
Is 130 a factor of 87243?
False
Is 13 a factor of 1132967?
False
Is 959009 a multiple of 62?
False
Does 53 divide 3145674?
False
Does 37 divide 172753?
True
Is 88 a factor of 6566736?
True
Does 7 divide 1762626?
False
Is 29 a factor of 268279?
True
Does 1698 divide 6946271?
False
Is 830624 a multiple of 32?
True
Does 59 divide 37509?
False
Is 852 a factor of 33413918?
False
Does 148 divide 5637320?
True
Does 15 divide 5218254?
False
Is 2 a factor of 4529?
False
Is 62863 a multiple of 31?
False
Is 14184864 a multiple of 16?
True
Does 2 divide 5019?
False
Is 24 a factor of 455400?
True
Is 56064 a multiple of 32?
True
Is 14 a factor of 238095?
False
Is 37 a factor of 309257?
False
Does 12 divide 703812?
True
Is 9 a factor of 183400?
False
Does 169 divide 8253876?
False
Is 4008145 a multiple of 136?
False
Is 578395 a multiple of 179?
False
Does 31 divide 37533?
False
Is 22 a factor of 150986?
True
Is 32640 a multiple of 24?
True
Is 116730 a multiple of 154?
False
Is 449064 a multiple of 84?
True
Does 174 divide 1167766?
False
Is 8 a factor of 1449736?
True
Is 411 a factor of 18564870?
True
Does 14 divide 215460?
True
Does 319 divide 1038416?
False
Is 70344 a multiple of 12?
True
Is 19 a factor of 356507?
False
Is 192 a factor of 247488?
True
Is 9657402 a multiple of 25?
False
Is 1603072 a multiple of 512?
True
Is 3116218 a multiple of 62?
False
Does 7 divide 109238?
False
Does 83 divide 1877958?
True
Does 83 divide 161518?
True
Does 243 divide 94284?
True
Is 5437201 a multiple of 438?
False
Is 5 a factor of 2981145?
True
Does 199 divide 193627?
True
Is 148 a factor of 1611720?
True
Is 3527448 a multiple of 7?
False
Is 2502045 a multiple of 35?
True
Is 737 a factor of 876293?
True
Is 3248659 a multiple of 12?
False
Is 34 a factor of 89725?
False
Is 118 a factor of 155996?
True
Is 2785056 a multiple of 16?
True
Does 173 divide 153198?
False
Is 156455 a multiple of 377?
True
Is 1808 a multiple of 4?
True
Is 305536 a multiple of 8?
True
Is 1915 a factor of 4371945?
True
Is 89 a factor of 3290330?
True
Does 5 divide 1796542?
False
Is 24 a factor of 4093313?
False
Is 35 a factor of 291410?
True
Is 3205425 a multiple of 25?
True
Is 21762 a multiple of 186?
True
Does 45 divide 46103?
False
Is 35700 a multiple of 357?
True
Is 7 a factor of 5112808?
False
Is 740597 a multiple of 599?
False
Is 217 a factor of 33201?
True
Does 32 divide 361768?
False
Is 2323848 a multiple of 408?
False
Does 502 divide 305718?
True
Does 19 divide 34655583?
False
Is 534 a factor of 3754686?
False
Does 6 divide 1912140?
True
Is 1534 a factor of 7619378?
True
Does 68 divide 102073?
False
Is 12623452 a multiple of 32?
False
Does 3 divide 110109?
True
Does 33 divide 1173803?
False
Is 159 a factor of 12235497?
False
Is 3 a factor of 376922?
False
Does 24 divide 11943757?
False
Is 1597677 a multiple of 11?
False
Does 721 divide 12197765?
False
Is 984903 a multiple of 37?
True
Is 1187 a multiple of 10?
False
Is 82875 a multiple of 425?
True
Does 208 divide 15000985?
False
Is 212195 a multiple of 8?
False
Is 11 a factor of 7463146?
False
Is 10229346 a multiple of 90?
False
Is 124872 a multiple of 258?
True
Is 395 a factor of 7772415?
True
Is 40 a factor of 9680?
True
Is 201 a factor of 644502?
False
Does 12 divide 33073620?
True
Does 74 divide 4002144